me?
False
Let i be (0 - -1)*2 - -11. Let u(k) = k**3 + 27*k + 4. Let n be u(i). Suppose 0 = -5*g + 5*t + 4320, 3*g + 10*t - n = 5*t. Is g composite?
False
Suppose 0 = -j - 2*w + 1485, -4*j = -6*j - w + 2982. Let b = j + -490. Is b prime?
False
Let o(k) = 300*k**3 - 2*k - 5. Let d be o(-3). Let g = -3850 - d. Is g a prime number?
False
Let d(w) = 26*w - 128. Let a be d(5). Is ((-174712)/16)/((-20)/8 + a) composite?
False
Let f = -1449 - -2752. Suppose 2*h - 518 = -2*u, f = 4*h + h + 3*u. Is h a prime number?
True
Suppose -1199 = 3*a - 3*y - 4322, a - 1011 = -5*y. Suppose 10989 + a = 5*j. Let b = j + -1156. Is b prime?
True
Is 4/(-34) - (-403348877)/799 composite?
False
Let g = -60268 - -439535. Is g composite?
True
Suppose 43*l - 60*l = -1601417. Is l a prime number?
True
Suppose 2*q - 20 = -4*m - 2*q, -4*m - q + 14 = 0. Is (8 - 5)/(3340/(-1114) + m) composite?
True
Is ((-222582)/(-12))/((-21)/(-28) + (-259)/364) composite?
True
Let u be (-6 - (5 + -6)) + 49. Suppose u*t + 7928 = 52*t. Is t composite?
False
Suppose 14*t = 7*t + 9919. Let x = t - 566. Is x prime?
False
Let x = 61095 + -234115. Is -1 + 6 + x/(-20) + 1 a composite number?
True
Let d(h) = h**3 - 22*h**2 - 2*h + 45. Let y be d(22). Suppose 0 = -g + 5*l + 11977, -2*l - 5 = -y. Is g a prime number?
False
Let n(d) = -4*d + 46. Let x be n(21). Let f be ((-319)/(-22))/(1/x). Let s = 1218 + f. Is s composite?
True
Suppose 3 = -v - 3*s - 3, -s = -2*v + 2. Suppose -8*m + m - 42 = v. Is (-7 + (-45)/m)/((-2)/(-15032)) prime?
False
Let b(o) = o**3 + 14*o**2 + 16*o + 4. Let d be b(-15). Let p = d + 238. Is (p/(-4))/(2/8) prime?
True
Suppose -d - 57 = -4*r, 2*d = -0*d + 5*r - 114. Let w = d - -63. Suppose 3*m - w*m = -g + 865, 5*m + 2611 = 3*g. Is g prime?
True
Suppose 34*v = 36*v + 8, 5*g - 1358777 = 3*v. Is g a composite number?
False
Let d be 9/2 + 9/(-18). Suppose d*z = 2*g + 3*g - 8717, 3 = -z. Is g prime?
True
Suppose 2*j + 2*j = -5*n + 8, 3*j + 5*n = 6. Let u be 7341/(-1*3/(-2)). Suppose -2*b + 4*l + 1990 = 0, 0 = -4*b + j*l - 932 + u. Is b composite?
True
Let f be (-20)/(0 + 4) + 80. Suppose 6*z - z = -f. Is 4632/10 + 3/z a prime number?
True
Let o(b) be the third derivative of -109*b**6/240 - b**5/30 - 29*b**4/24 + 28*b**2. Let t(u) be the second derivative of o(u). Is t(-1) a composite number?
True
Let u = 5 + 5. Suppose u = q + q. Is -1 + 3/q - (-1062)/30 composite?
True
Let j(c) = -37314*c - 185. Is j(-6) a composite number?
True
Let j = -10541 + -5939. Let f = -7995 - j. Is f prime?
False
Suppose j = 3*v + 297826, 158 = v + 165. Is j a composite number?
True
Suppose 2*i - 77 = -l, -l + 5*l = -5*i + 191. Let w = 41 - i. Is -1*(-1 - 85) + (w - -1) prime?
True
Suppose 54*x - 49*x - 6915 = 0. Is (x/(-5))/(((-120)/(-50))/(-12)) composite?
True
Suppose -21*x = -15*x + 666. Let q = 109 + x. Is 583/q*(-16)/8 prime?
False
Suppose 2*q + x = 72, 3*q - 5*x - 8 - 87 = 0. Let g be (-4 - -1)*q/(-21). Suppose 0*f + 1910 = g*f. Is f prime?
False
Let p = -204 + 130. Let d = p - -76. Suppose 516 = 3*u + 5*m, 231 = d*u + m - 120. Is u a composite number?
True
Suppose -14*r + 9*r - 4*k + 1977557 = 0, -5*r = -5*k - 1977530. Is r composite?
False
Suppose 4*u - 876 = -264. Is ((u/6 + -2)*58)/1 a prime number?
False
Suppose -71*p = -74*p + 5*u + 130480, -5*u = -5. Is p a prime number?
False
Suppose 0 = 7*t - 4*t - 279. Suppose 0 = -4*h - 2*f + 8, -5*h - f + 1 = -3*f. Is 0 + t + (h - 5) composite?
False
Suppose q + 18*q - 740012 = 0. Suppose -4*x + q = 3520. Is x composite?
True
Suppose 7*g - 3*g = 0. Suppose g = 2*n - 41 + 31. Suppose -n*d - 1 - 4 = 0, -2*c + 2957 = -3*d. Is c a composite number?
True
Let l(r) = 88*r**2 + 61*r - 34. Let t(q) = 2*q**3 + 4*q**2 - q. Let h be t(-3). Is l(h) a prime number?
False
Let r(j) = j**3 + 11*j**2 + 24*j + 50. Let i be r(-9). Is -8*120795/(-80) - (-10)/i a composite number?
True
Let c(k) = 2094*k + 62. Let v(x) = 3*x. Let y(f) = c(f) - 3*v(f). Is y(5) prime?
True
Is (-15751752)/(-84) + 15 + 4*(-3)/14 prime?
False
Let u(c) = 4*c**2 + 70*c + 36. Let q be u(-17). Suppose 0 = 5*i + 5*k - 1335, -5*i - 271 = -6*i - q*k. Is i a composite number?
False
Suppose 4908 = 4*s - 0*s. Suppose 632 = 13*m - s. Is m prime?
False
Suppose -35 = 33*k - 266. Suppose -38855 = 2*u - k*u. Is u a prime number?
False
Let r = -47 - -54. Suppose -2*v + 2245 = -r*v. Let s = -156 - v. Is s a composite number?
False
Let r(j) = -j**3 - 13*j**2 + 14*j. Let u be r(-14). Let l be -2 - (-5 - (-4 - u)). Is ((-8)/(2/l) - 2) + 315 composite?
False
Let s(x) = x**2 - 3*x + 5. Let n be s(2). Suppose -n + 13 = 5*f. Suppose -5*v = -d - 247, -6*v + v = -f*d - 249. Is v composite?
True
Let l = 5572 + -2963. Suppose -2*o + l + 539 = 0. Suppose o = 16*w - 14*w. Is w a prime number?
True
Let y = 130 - 130. Suppose u = -j + 4390, 5 = -5*u - y. Is j composite?
False
Let l(b) = -1253*b - 27. Let z be l(-7). Let q = z + -3577. Is q composite?
False
Let g = 92 + -98. Is (g/4 - (-1 + 0))*-2722 prime?
True
Let i be 3572/4 - (-3*3)/(-3). Suppose -6*n = -3344 + i. Is n prime?
True
Suppose 5*x = 2*z - 1310181, z + 4419*x - 4423*x = 655083. Is z prime?
True
Suppose -212800 = 4*g - 4*o, -4*o - 159600 = -g + 4*g. Is g/(-5) - -5 - 0 prime?
False
Let h be (-12)/27*(-81)/9. Suppose -1885 = -h*m + 891. Is m a prime number?
False
Suppose 9*z - 5*z - 17336 = -3*t, -4353 = -z + 4*t. Is z composite?
False
Let d be (-1 - -3)/(-5*4/(-50)). Suppose 0 = -d*m - 4*t + 9877, 2*t - 6809 - 3062 = -5*m. Is m prime?
True
Let d(u) = -119*u**3 - 5*u**2 + 19*u + 7. Let w be d(4). Let q = 11246 - w. Is q a composite number?
False
Let l = -57130 + 106353. Is l a prime number?
True
Let d(h) = 2*h**3 - 6*h**2 - 5*h - 20. Let b = 25 + -21. Suppose n = -2*v - b*n + 23, -2*n = -5*v + 43. Is d(v) composite?
False
Let d be 1 + 6/(-2) - -192. Let n be 7/(-1)*((-180)/35)/6. Suppose -n*t - d = -904. Is t prime?
False
Let w be 2*((-27)/6)/(-3). Suppose 2*i - 19 = -5*m, -5*i - w*m + 5*m - 25 = 0. Let n(r) = -192*r + 7. Is n(i) a prime number?
False
Let s be 1*(-9)/12*(-8 + 4). Let a be (-11)/s*27/(-9). Is (7835 - (-2 - -4))*a/33 a composite number?
True
Suppose 0 = 4*i + 3*t - 11, -14*i - 3*t = -17*i + 3. Suppose -3 = f, -i*z + 3*f - 21 + 644 = 0. Is z prime?
True
Let u be (-12)/(-9) + 60/9. Suppose -2*b - u + 1096 = 0. Let z = b + -335. Is z a prime number?
False
Let b = 107287 + -69608. Is b prime?
False
Let d = 128952 + -69883. Is d a prime number?
True
Let w(j) = 3010*j**2 - 67*j - 264. Is w(17) composite?
False
Let q(z) = 3*z**3 + 14*z**2 + 30*z - 6. Let d be q(-13). Is (-2)/10 - (7 - d/(-5)) a prime number?
False
Let t = 557 + 435. Let y be (-1704 - -1436)*(3/4 + 0). Let w = t + y. Is w prime?
False
Suppose 16420 = -9*b + 4*b. Suppose 4406 = 4*p + 10994. Let w = p - b. Is w prime?
True
Let k = 627 + -1781. Let d = k - -1675. Is d a composite number?
False
Is (-5 - -3)*((-36953)/14 + 9) a composite number?
False
Let s(v) = 5144*v**2 + 128*v + 371. Is s(-3) prime?
False
Let i(m) = 140*m**2 - 21*m - 7. Let n(d) = 5*d**3 + d**2 - 2. Let r be n(1). Is i(r) composite?
True
Let f = 188 + -208. Is (-54980)/(-12) + (3 - f/(-12)) prime?
True
Suppose 2*a = -3*t + 10098, 3*a - t = 5*a - 10094. Suppose -12*o = -a - 1902. Is o a composite number?
True
Is (-78)/(-507) - 70857/(-39) a composite number?
True
Suppose -14*s = -10*s - 448. Let i = s - 112. Suppose 0 = 4*r - 6*n + 8*n - 5282, -r + 5*n + 1304 = i. Is r composite?
False
Let q = -5433 - -2146. Let n be 9/(1*6/(-1036)). Let y = n - q. Is y prime?
True
Let k = -57997 + 149918. Is k composite?
False
Suppose 155 = -2*m - n - 164, -2*m + 5*n = 313. Let j = m + 1840. Is j composite?
True
Suppose 5*p + 4*u - 2113469 = 0, -4*p + 63*u = 59*u - 1690732. Is p prime?
True
Let r(p) = p**3 - 10*p**2 + 2*p - 17. Let b be r(10). Let j be (-5 - -4 - b/(-6))*-6. Suppose -x + 802 = -j*w, 3940 = 4*x + x - w. Is x a composite number?
False
Let g(s) = -s**3 - 8*s**2 + 9*s + 1. Let l be g(-9). Suppose -f = 3*h + l, 0*f - 5*h + 2 = -2*f. Is ((-1)/f)/((-506)/254 - -2) prime?
True
Let r = -1168 + 3073. Suppose -30*v = -25*v - r. Is v a composite number?
True
Let p(x) = 5*x**3 - 22*x**2 + 49*x - 117. Is p(23) a composite number?
False
Let d(v) be the second derivative of 8*v**5/5 + v**4/2 + 5*v**3/3 + 73*v**2/2 + 50*v - 2. Is d(9) prime?
T